at is the thousands digit of 13827?
3
What is the tens digit of 1378?
7
What is the hundreds digit of 2833?
8
What is the thousands digit of 1016?
1
What is the tens digit of 874?
7
What is the units digit of 1118?
8
What is the units digit of 2153?
3
What is the units digit of 472?
2
What is the units digit of 7734?
4
What is the thousands digit of 21389?
1
What is the tens digit of 5573?
7
What is the hundreds digit of 11156?
1
What is the hundreds digit of 23206?
2
What is the hundreds digit of 362?
3
What is the units digit of 3013?
3
What is the thousands digit of 10450?
0
What is the ten thousands digit of 61687?
6
What is the hundreds digit of 22900?
9
What is the tens digit of 358?
5
What is the hundreds digit of 1024?
0
What is the units digit of 28617?
7
What is the hundreds digit of 23069?
0
What is the units digit of 258?
8
What is the units digit of 1101?
1
What is the units digit of 15738?
8
What is the ten thousands digit of 71682?
7
What is the thousands digit of 7345?
7
What is the tens digit of 1184?
8
What is the tens digit of 7257?
5
What is the units digit of 569?
9
What is the tens digit of 869?
6
What is the units digit of 7191?
1
What is the thousands digit of 10724?
0
What is the ten thousands digit of 41660?
4
What is the hundreds digit of 904?
9
What is the hundreds digit of 6450?
4
What is the thousands digit of 125149?
5
What is the units digit of 1136?
6
What is the thousands digit of 6205?
6
What is the thousands digit of 7964?
7
What is the ten thousands digit of 29896?
2
What is the units digit of 17726?
6
What is the units digit of 19865?
5
What is the tens digit of 1361?
6
What is the thousands digit of 2132?
2
What is the units digit of 792?
2
What is the tens digit of 538?
3
What is the hundreds digit of 7237?
2
What is the ten thousands digit of 34499?
3
What is the units digit of 33686?
6
What is the thousands digit of 67487?
7
What is the hundreds digit of 618?
6
What is the hundreds digit of 523?
5
What is the ten thousands digit of 20076?
2
What is the ten thousands digit of 25468?
2
What is the thousands digit of 3181?
3
What is the tens digit of 1823?
2
What is the hundred thousands digit of 162042?
1
What is the tens digit of 3753?
5
What is the units digit of 23318?
8
What is the tens digit of 138?
3
What is the units digit of 28259?
9
What is the units digit of 911?
1
What is the ten thousands digit of 21815?
2
What is the tens digit of 4032?
3
What is the hundreds digit of 775?
7
What is the units digit of 30222?
2
What is the units digit of 42066?
6
What is the units digit of 946?
6
What is the tens digit of 3574?
7
What is the tens digit of 5638?
3
What is the units digit of 4931?
1
What is the thousands digit of 1284?
1
What is the tens digit of 4683?
8
What is the tens digit of 76609?
0
What is the ten thousands digit of 37228?
3
What is the tens digit of 3315?
1
What is the tens digit of 2026?
2
What is the units digit of 8286?
6
What is the hundreds digit of 1217?
2
What is the hundreds digit of 39629?
6
What is the hundreds digit of 8231?
2
What is the hundreds digit of 59511?
5
What is the tens digit of 6372?
7
What is the ten thousands digit of 21971?
2
What is the hundreds digit of 2520?
5
What is the hundreds digit of 6623?
6
What is the units digit of 32702?
2
What is the thousands digit of 3233?
3
What is the ten thousands digit of 86066?
8
What is the tens digit of 552?
5
What is the units digit of 5160?
0
What is the thousands digit of 3906?
3
What is the units digit of 25439?
9
What is the hundreds digit of 6591?
5
What is the thousands digit of 7752?
7
What is the hundred thousands digit of 112566?
1
What is the thousands digit of 7390?
7
What is the units digit of 3612?
2
What is the units digit of 303?
3
What is the hundreds digit of 3448?
4
What is the thousands digit of 4532?
4
What is the ten thousands digit of 13851?
1
What is the units digit of 15?
5
What is the tens digit of 63?
6
What is the units digit of 1577?
7
What is the ten thousands digit of 36699?
3
What is the hundreds digit of 4929?
9
What is the units digit of 2179?
9
What is the ten thousands digit of 18001?
1
What is the hundreds digit of 60326?
3
What is the tens digit of 21911?
1
What is the hundreds digit of 899?
8
What is the units digit of 349?
9
What is the hundreds digit of 18029?
0
What is the units digit of 1278?
8
What is the units digit of 13352?
2
What is the hundreds digit of 2562?
5
What is the hundreds digit of 675?
6
What is the tens digit of 25359?
5
What is the hundreds digit of 939?
9
What is the hundreds digit of 17293?
2
What is the ten thousands digit of 39809?
3
What is the ten thousands digit of 16291?
1
What is the hundreds digit of 4648?
6
What is the units digit of 1717?
7
What is the units digit of 507?
7
What is the hundreds digit of 2775?
7
What is the thousands digit of 86155?
6
What is the units digit of 18688?
8
What is the units digit of 248?
8
What is the units digit of 1094?
4
What is the thousands digit of 1509?
1
What is the hundreds digit of 308?
3
What is the units digit of 180?
0
What is the units digit of 7488?
8
What is the thousands digit of 48355?
8
What is the hundreds digit of 1569?
5
What is the hundreds digit of 1290?
2
What is the tens digit of 161?
6
What is the ten thousands digit of 17308?
1
What is the ten thousands digit of 19225?
1
What is the ten thousands digit of 69859?
6
What is the thousands digit of 5673?
5
What is the hundreds digit of 18979?
9
What is the units digit of 85?
5
What is the thousands digit of 10503?
0
What is the ten thousands digit of 19155?
1
What is the tens digit of 417?
1
What is the tens digit of 1015?
1
What is the units digit of 20304?
4
What is the tens digit of 1525?
2
What is the tens digit of 5675?
7
What is the thousands digit of 3749?
3
What is the hundreds digit of 4415?
4
What is the thousands digit of 21651?
1
What is the hundreds digit of 1489?
4
What is the hundreds digit of 1870?
8
What is the thousands digit of 6920?
6
What is the units digit of 965?
5
What is the units digit of 6701?
1
What is the ten thousands digit of 18364?
1
What is the hundreds digit of 29804?
8
What is the units digit of 10226?
6
What is the hundreds digit of 578?
5
What is the thousands digit of 13613?
3
What is the hundreds digit of 1004?
0
What is the hundreds digit of 143?
1
What is the tens digit of 999?
9
What is the units digit of 7907?
7
What is the hundreds digit of 4448?
4
What is the hundreds digit of 590?
5
What is the tens digit of 21?
2
What is the thousands digit of 2475?
2
What is the ten thousands digit of 101466?
0
What is the hundreds digit of 850?
8
What is the thousands digit of 50141?
0
What is the tens digit of 1101?
0
What is the thousands digit of 2877?
2
What is the units digit of 4961?
1
What is the hundreds digit of 1732?
7
What is the units digit of 11482?
2
What is the tens digit of 10549?
4
What is the hundreds digit of 114678?
6
What is the thousands digit of 1294?
1
What is the hundreds digit of 19062?
0
What is the units digit of 4543?
3
What is the hundred thousands digit of 109151?
1
What is the tens digit of 8162?
6
What is the hundreds digit of 6430?
4
What is the hundreds digit of 96464?
4
What is the units digit of 2226?
6
What is the ten thousands digit of 30961?
3
What is the hundreds digit of 910?
9
What is the hundreds digit of 3445?
4
What is the tens digit of 313?
1
What is the ten thousands digit of 21407?
2
What is the units digit of 5187?
7
What is the tens digit of 863?
6
What is the thousands digit of 2639?
2
What is the hundreds digit of 2044?
0
What is the hundreds digit of 2539?
5
What is the tens digit of 596?
9
What is the tens digit of 61474?
7
What is the units digit of 2894?
4
What is the units digit of 36091?
1
What is the hundreds digit of 931?
9
What is the units digit of 72073?
3
What is the ten thousands digit of 39920?
3
What is the units digit of 24599?
9
What is the thousands digit of 1049?
1
What is the hundreds digit of 11066?
0
What is the thousands digit of 22145?
2
What is the tens digit of 213?
1
What is the hundreds digit of 8493?
4
What is the hundreds digit of 63803?
8
What is the units digit of 103?
3
What is the hundreds digit of 6651?
6
What is the hundre